{"id":1851,"date":"2024-08-26T17:53:48","date_gmt":"2024-08-26T20:53:48","guid":{"rendered":"https:\/\/ens41-sfe.infd.edu.ar\/sitio\/?page_id=1851"},"modified":"2024-09-19T18:50:18","modified_gmt":"2024-09-19T21:50:18","slug":"grupos-de-acompanamiento","status":"publish","type":"page","link":"https:\/\/ens41-sfe.infd.edu.ar\/sitio\/grupos-de-acompanamiento\/","title":{"rendered":"GRUPOS DE ACOMPA\u00d1AMIENTO"},"content":{"rendered":"\n<p><\/p>\n\n\n\n<p class=\"has-text-align-center\">Los grupos de acompa\u00f1amiento son dispositivos institucionales dise\u00f1ados para el sostenimiento de las trayectorias estudiantiles y el fortalecimiento de capacidades necesarias para garantizar una formaci\u00f3n de calidad.<br>El prop\u00f3sito es consolidar la escritura clara y coherente, la lectura consciente, la interpretaci\u00f3n pertinente y una oralidad solventada en los saberes compartidos y construidos colectivamente.<br>Cada grupo de acompa\u00f1amiento habilitar\u00e1 otro espacio y otro tiempo para continuar aprendiendo y afianzando aquello que se inicia en el aula.<br>La intenci\u00f3n es hacer de este dispositivo una definici\u00f3n institucional sostenida en el tiempo.<\/p>\n\n\n\n<p><\/p>\n\n\n\n<p>LUNES:<br><strong>Matem\u00e1tica &#8211; Ceroli &#8211;<\/strong><br>16:10 a 16:50 &#8211; Profesorado de Econom\u00eda.<br>16:10 a 17:30 &#8211; Profesorado de Ed. Primaria<\/p>\n\n\n\n<p><strong>Admin\/Economia &#8211; Cassini <\/strong>&#8211;<br>21:10 a 22:30 &#8211; Profesorado de Econom\u00eda.<\/p>\n\n\n\n<p>MARTES:<br><strong>Historia &#8211; Aranda &#8211;<\/strong><br>16:30 a 17:30 PEP \/ RRHH<br>Link de ingreso al grupo: <a href=\"https:\/\/chat.whatsapp.com\/Ja2gPhEgY2RCItE8VKN9qr\">https:\/\/chat.whatsapp.com\/Ja2gPhEgY2RCItE8VKN9qr<\/a><\/p>\n\n\n\n<p><strong>Pedagog\u00eda &#8211; Scalerandi<\/strong><br>18 a 19 &#8211; todas las carreras.<\/p>\n\n\n\n<p>JUEVES:<br><strong>Did general &#8211; Badariotti<\/strong><br>16:45 a 18:10 Profesorado de Ed. Primaria<br>18:30 a 20 Profesorado de Lengua y Literatura<br>Link de ingreso al grupo: <a href=\"https:\/\/chat.whatsapp.com\/IPZ3lJbrWfo9FvYzSAzLKC\">https:\/\/chat.whatsapp.com\/IPZ3lJbrWfo9FvYzSAzLKC<\/a><\/p>\n\n\n\n<p><br><strong>Did y Curr &#8211; del R\u00edo<\/strong><br>Jueves 17:30 a 18:10 Profesorado de Artes Visuales<br>Link de ingreso al grupo: <a href=\"https:\/\/chat.whatsapp.com\/FikIy1U170F7M128PjUStx\">https:\/\/chat.whatsapp.com\/FikIy1U170F7M128PjUStx<\/a><\/p>\n\n\n\n<p>VIERNES:<br><strong>Hist y pol\u00edtica \/ Sociolog\u00eda &#8211; Badariotti\/Del R\u00edo\/Aranda<\/strong><br>16:00 a 17:00 Sociololog\u00eda -Profesorado de Ed. Primaria<br>16:50 a 18:10 Profesorado de Ed. Primaria<br>19 a 20:30 Profesorado de Lengua y Literatura<br>Link de ingreso al grupo PEP: <a href=\"https:\/\/chat.whatsapp.com\/DTw1SqWo4ixGO2s0HchZvj\">https:\/\/chat.whatsapp.com\/DTw1SqWo4ixGO2s0HchZvj<\/a><br>Link de ingreso al grupo LYL: <a href=\"https:\/\/chat.whatsapp.com\/L82GXsGLNcwAc0lmFLynQZ\">https:\/\/chat.whatsapp.com\/L82GXsGLNcwAc0lmFLynQZ<\/a><\/p>\n\n\n\n<p><strong>Acompa\u00f1amiento pedag\u00f3gico a la trayectoria &#8211; Salvagno<\/strong><br>18:00 a 19:00 Tecnicatura en RRHH y Tecnicatura en Gesti\u00f3n Industrial<br>Link de ingreso al grupo: <a href=\"https:\/\/chat.whatsapp.com\/Kd8Gd82aF0Y0XLpJCgevVv\">https:\/\/chat.whatsapp.com\/Kd8Gd82aF0Y0XLpJCgevVv<\/a><\/p>\n\n\n\n<p><\/p>\n\n\n\n<p><\/p>\n\n\n\n<p><\/p>\n\n\n\n<p><\/p>\n\n\n\n<p class=\"has-text-align-center\"><\/p>\n\n\n\n<p><\/p>\n","protected":false},"excerpt":{"rendered":"<p>Los grupos de acompa\u00f1amiento son dispositivos institucionales dise\u00f1ados para el sostenimiento de las trayectorias estudiantiles y el fortalecimiento de capacidades necesarias para garantizar una formaci\u00f3n de calidad.El prop\u00f3sito es consolidar la escritura clara y coherente, la lectura consciente, la interpretaci\u00f3n pertinente y una oralidad solventada en los saberes compartidos y construidos colectivamente.Cada grupo de acompa\u00f1amiento &#8230; <a title=\"GRUPOS DE ACOMPA\u00d1AMIENTO\" class=\"read-more\" href=\"https:\/\/ens41-sfe.infd.edu.ar\/sitio\/grupos-de-acompanamiento\/\" aria-label=\"More on GRUPOS DE ACOMPA\u00d1AMIENTO\">[+]<\/a><\/p>\n","protected":false},"author":12,"featured_media":0,"parent":0,"menu_order":0,"comment_status":"closed","ping_status":"closed","template":"","meta":[],"acf":[],"_links":{"self":[{"href":"https:\/\/ens41-sfe.infd.edu.ar\/sitio\/wp-json\/wp\/v2\/pages\/1851"}],"collection":[{"href":"https:\/\/ens41-sfe.infd.edu.ar\/sitio\/wp-json\/wp\/v2\/pages"}],"about":[{"href":"https:\/\/ens41-sfe.infd.edu.ar\/sitio\/wp-json\/wp\/v2\/types\/page"}],"author":[{"embeddable":true,"href":"https:\/\/ens41-sfe.infd.edu.ar\/sitio\/wp-json\/wp\/v2\/users\/12"}],"replies":[{"embeddable":true,"href":"https:\/\/ens41-sfe.infd.edu.ar\/sitio\/wp-json\/wp\/v2\/comments?post=1851"}],"version-history":[{"count":8,"href":"https:\/\/ens41-sfe.infd.edu.ar\/sitio\/wp-json\/wp\/v2\/pages\/1851\/revisions"}],"predecessor-version":[{"id":1872,"href":"https:\/\/ens41-sfe.infd.edu.ar\/sitio\/wp-json\/wp\/v2\/pages\/1851\/revisions\/1872"}],"wp:attachment":[{"href":"https:\/\/ens41-sfe.infd.edu.ar\/sitio\/wp-json\/wp\/v2\/media?parent=1851"}],"curies":[{"name":"wp","href":"https:\/\/api.w.org\/{rel}","templated":true}]}}