{"id":286,"date":"2016-10-31T13:17:59","date_gmt":"2016-10-31T16:17:59","guid":{"rendered":"https:\/\/ens41-sfe.infd.edu.ar\/sitio\/?page_id=286"},"modified":"2025-12-16T17:10:09","modified_gmt":"2025-12-16T20:10:09","slug":"inicio","status":"publish","type":"page","link":"https:\/\/ens41-sfe.infd.edu.ar\/sitio\/","title":{"rendered":""},"content":{"rendered":"<div dir=\"auto\" style=\"text-align: center;\">\n<div class=\"kvgmc6g5 cxmmr5t8 oygrvhab hcukyx3x c1et5uql ii04i59q\">\n<h1><strong style=\"color: #800080; font-family: Georgia, 'Times New Roman', 'Bitstream Charter', Times, serif;\">INICIO AL CICLO LECTIVO 2026<\/strong><\/h1>\n<h3>&#8211; Del 9 al 13 de Febrero 2026 inscripciones a Mesas de Ex\u00e1menes<\/h3>\n<\/div>\n<h3>&#8211; Del 18 de Febrero al 18 de Marzo 2026 ser\u00e1n las Mesas de Ex\u00e1menes<\/p>\n<p>Las mismas se encontrar\u00e1n publicadas por este medio<\/h3>\n<h4><span style=\"color: #ff0000;\"><strong>IMPORTANTE:<\/strong><\/span> se encontrar\u00e1n <span style=\"color: #ff0000;\">NUEVAS PLANILLAS DE INSCRIPCI\u00d3N<\/span>, se pueden retirar en Librer\u00eda de Sergio a partir de Febrero 2026 o descargar por ac\u00e1, se presentar\u00e1 una planilla por a\u00f1o, sin importar la condici\u00f3n (libre\/regular) del alumno<\/h4>\n<p>\u2234 \u2234 \u2234 \u2234 \u2234 \u2234 \u2234 \u2234 \u2234 \u2234 \u2234 \u2234 \u2234 \u2234 \u2234 \u2234 \u2234 \u2234 \u2234 \u2234 \u2234 \u2234 \u2234 \u2234 \u2234 \u2234 \u2234 \u2234 \u2234 \u2234 \u2234 \u2234 \u2234 \u2234 \u2234 \u2234 \u2234 \u2234 \u2234 \u2234 \u2234 \u2234 \u2234 \u2234 \u2234 \u2234 \u2234 \u2234 \u2234 \u2234 \u2234 \u2234 \u2234 \u2234 \u2234<\/p>\n<h2><span style=\"color: #993366;\"><strong>2\u00ba CONVOCATORIA para INSCRIPCIONES a ciclo lectivo 2026<\/strong><\/span><\/h2>\n<h3><span style=\"color: #000080;\"><strong>\u00a0 ser\u00e1 del 23 de Febrero al 27 de Febrero<\/strong>\u00a0<strong>2026<\/strong>\u00a0<\/span><\/h3>\n<h5 class=\"Section1\" style=\"text-align: center;\">(se deber\u00e1 rellenar un FORMULARIO ON LINE, el mismo estar\u00e1 disponible desde el 23\/02\/2026)<\/h5>\n<p>Una vez finalizado el formulario, el alumno deber\u00e1 presentar los papeles solicitados en una carpeta legajo color amarilla en Mesa de Entrada<\/p>\n<h5 class=\"Section1\" style=\"text-align: center;\">\u00a0Escuela Normal Superior N\u00b0 41 \u00bb Jos\u00e9 de San Mart\u00edn\u00bb \u2013 Corrientes 1302 \u2013 San Jorge (Santa Fe)\u00a0<\/h5>\n<p>\u2234 \u2234 \u2234 \u2234 \u2234 \u2234 \u2234 \u2234 \u2234 \u2234 \u2234 \u2234 \u2234 \u2234 \u2234 \u2234 \u2234 \u2234 \u2234 \u2234 \u2234 \u2234 \u2234 \u2234 \u2234 \u2234 \u2234 \u2234 \u2234 \u2234 \u2234 \u2234 \u2234 \u2234 \u2234 \u2234 \u2234 \u2234 \u2234 \u2234 \u2234 \u2234 \u2234 \u2234 \u2234 \u2234 \u2234 \u2234 \u2234 \u2234 \u2234 \u2234 \u2234 \u2234 \u2234<\/p>\n<\/div>\n<div dir=\"auto\" style=\"text-align: center;\">\n<header class=\"entry-header\" aria-label=\"Contenido\">\n<h3 class=\"entry-title\">PLANILLA PARA HOMOLOGACIONES 2026<\/h3>\n<\/header>\n<div class=\"entry-content\">\n<p>PLANILLA PARA HOMOLOGACIONES<\/p>\n<blockquote class=\"wp-embedded-content\" data-secret=\"QaupNJNBOv\"><p><a href=\"https:\/\/ens41-sfe.infd.edu.ar\/sitio\/planilla-para-homologaciones\/\">PLANILLA PARA HOMOLOGACIONES 2025<\/a><\/p><\/blockquote>\n<p><iframe class=\"wp-embedded-content\" sandbox=\"allow-scripts\" security=\"restricted\" style=\"position: absolute; clip: rect(1px, 1px, 1px, 1px);\" title=\"\u00abPLANILLA PARA HOMOLOGACIONES 2025\u00bb \u2014 Escuela Normal Superior N\u00b041 &quot;Jos\u00e9 de San Mart\u00edn&quot;\" src=\"https:\/\/ens41-sfe.infd.edu.ar\/sitio\/planilla-para-homologaciones\/embed\/#?secret=2NcrdO3U5d#?secret=QaupNJNBOv\" data-secret=\"QaupNJNBOv\" width=\"600\" height=\"338\" frameborder=\"0\" marginwidth=\"0\" marginheight=\"0\" scrolling=\"no\"><\/iframe><\/p>\n<\/div>\n<\/div>\n<div class=\"Section1\" style=\"text-align: center;\">\n<div class=\"Section1\" style=\"text-align: center;\">\n<hr \/>\n<\/div>\n<table id=\"table1\" style=\"text-align: center; width: 966px; height: 498px;\" border=\"0\" cellspacing=\"0\" cellpadding=\"10\" align=\"center\">\n<tbody style=\"text-align: left;\">\n<tr style=\"text-align: left;\">\n<td style=\"border-width: 1px; border-style: solid; text-align: left;\">\n<p class=\"MsoNormal\" style=\"padding: 0cm; text-align: center;\"><img decoding=\"async\" loading=\"lazy\" class=\"alignleft\" src=\"https:\/\/ens41-sfe.infd.edu.ar\/sitio\/wp-content\/uploads\/2018\/08\/fachada_foto_escuela.jpg\" alt=\"Fachada Escuela Normal\" width=\"519\" height=\"376\" border=\"0\" \/><\/p>\n<p><span style=\"color: #008000;\"><span style=\"text-decoration: underline;\">E<\/span>ste Instituto Superior de Formaci\u00f3n Docente forma parte del sistema de educaci\u00f3n p\u00fablica de gesti\u00f3n estatal.<\/span><\/p>\n<p><span style=\"color: #008000;\">Desde junio de 2013 y hasta 2015 es sede del Ciclo de Formaci\u00f3n Complementaria para la Educaci\u00f3n Tecnol\u00f3gica y Art\u00edstica: Pl\u00e1stica y M\u00fasica. <\/span><\/p>\n<p><span style=\"color: #008000;\">A trav\u00e9s de este sitio en Internet, nuestro Instituto podr\u00e1 comunicar novedades, acercar informaci\u00f3n, compartir experiencias y brindar apoyo y asesoramiento a\u00a0alumnos, docentes e interesados en formar parte de esta comunidad educativa. Junto con varios cientos de Institutos, integramos la <strong><em>Red\u00a0Virtual de Institutos Superiores de Formaci\u00f3n Docente<\/em><\/strong>\u00a0coordinada por el <strong>INFD<\/strong> (Instituto Nacional de Formaci\u00f3n Docente) dependiente del Ministerio de Educaci\u00f3n de la Naci\u00f3n Argentina.<\/span><\/td>\n<\/tr>\n<\/tbody>\n<\/table>\n<\/div>\n","protected":false},"excerpt":{"rendered":"<p>INICIO AL CICLO LECTIVO 2026 &#8211; Del 9 al 13 de Febrero 2026 inscripciones a Mesas de Ex\u00e1menes &#8211; Del 18 de Febrero al 18 de Marzo 2026 ser\u00e1n las Mesas de Ex\u00e1menes Las mismas se encontrar\u00e1n publicadas por este medio IMPORTANTE: se encontrar\u00e1n NUEVAS PLANILLAS DE INSCRIPCI\u00d3N, se pueden retirar en Librer\u00eda de Sergio &#8230; <a title=\"\" class=\"read-more\" href=\"https:\/\/ens41-sfe.infd.edu.ar\/sitio\/\" aria-label=\"More on \">[+]<\/a><\/p>\n","protected":false},"author":1,"featured_media":0,"parent":0,"menu_order":0,"comment_status":"closed","ping_status":"closed","template":"","meta":[],"acf":[],"_links":{"self":[{"href":"https:\/\/ens41-sfe.infd.edu.ar\/sitio\/wp-json\/wp\/v2\/pages\/286"}],"collection":[{"href":"https:\/\/ens41-sfe.infd.edu.ar\/sitio\/wp-json\/wp\/v2\/pages"}],"about":[{"href":"https:\/\/ens41-sfe.infd.edu.ar\/sitio\/wp-json\/wp\/v2\/types\/page"}],"author":[{"embeddable":true,"href":"https:\/\/ens41-sfe.infd.edu.ar\/sitio\/wp-json\/wp\/v2\/users\/1"}],"replies":[{"embeddable":true,"href":"https:\/\/ens41-sfe.infd.edu.ar\/sitio\/wp-json\/wp\/v2\/comments?post=286"}],"version-history":[{"count":233,"href":"https:\/\/ens41-sfe.infd.edu.ar\/sitio\/wp-json\/wp\/v2\/pages\/286\/revisions"}],"predecessor-version":[{"id":2081,"href":"https:\/\/ens41-sfe.infd.edu.ar\/sitio\/wp-json\/wp\/v2\/pages\/286\/revisions\/2081"}],"wp:attachment":[{"href":"https:\/\/ens41-sfe.infd.edu.ar\/sitio\/wp-json\/wp\/v2\/media?parent=286"}],"curies":[{"name":"wp","href":"https:\/\/api.w.org\/{rel}","templated":true}]}}

<div dir="auto" style="text-align: center;">
<div class="kvgmc6g5 cxmmr5t8 oygrvhab hcukyx3x c1et5uql ii04i59q">
<h1><strong style="color: #800080; font-family: Georgia, 'Times New Roman', 'Bitstream Charter', Times, serif;">INICIO AL CICLO LECTIVO 2026</strong></h1>
<h3>&#8211; Del 9 al 13 de Febrero 2026 inscripciones a Mesas de Exámenes</h3>
</div>
<h3>&#8211; Del 18 de Febrero al 18 de Marzo 2026 serán las Mesas de Exámenes</p>
<p>Las mismas se encontrarán publicadas por este medio</h3>
<h4><span style="color: #ff0000;"><strong>IMPORTANTE:</strong></span> se encontrarán <span style="color: #ff0000;">NUEVAS PLANILLAS DE INSCRIPCIÓN</span>, se pueden retirar en Librería de Sergio a partir de Febrero 2026 o descargar por acá, se presentará una planilla por año, sin importar la condición (libre/regular) del alumno</h4>
<p>∴ ∴ ∴ ∴ ∴ ∴ ∴ ∴ ∴ ∴ ∴ ∴ ∴ ∴ ∴ ∴ ∴ ∴ ∴ ∴ ∴ ∴ ∴ ∴ ∴ ∴ ∴ ∴ ∴ ∴ ∴ ∴ ∴ ∴ ∴ ∴ ∴ ∴ ∴ ∴ ∴ ∴ ∴ ∴ ∴ ∴ ∴ ∴ ∴ ∴ ∴ ∴ ∴ ∴ ∴</p>
<h2><span style="color: #993366;"><strong>2º CONVOCATORIA para INSCRIPCIONES a ciclo lectivo 2026</strong></span></h2>
<h3><span style="color: #000080;"><strong>  será del 23 de Febrero al 27 de Febrero</strong> <strong>2026</strong> </span></h3>
<h5 class="Section1" style="text-align: center;">(se deberá rellenar un FORMULARIO ON LINE, el mismo estará disponible desde el 23/02/2026)</h5>
<p>Una vez finalizado el formulario, el alumno deberá presentar los papeles solicitados en una carpeta legajo color amarilla en Mesa de Entrada</p>
<h5 class="Section1" style="text-align: center;"> Escuela Normal Superior N° 41 » José de San Martín» – Corrientes 1302 – San Jorge (Santa Fe) </h5>
<p>∴ ∴ ∴ ∴ ∴ ∴ ∴ ∴ ∴ ∴ ∴ ∴ ∴ ∴ ∴ ∴ ∴ ∴ ∴ ∴ ∴ ∴ ∴ ∴ ∴ ∴ ∴ ∴ ∴ ∴ ∴ ∴ ∴ ∴ ∴ ∴ ∴ ∴ ∴ ∴ ∴ ∴ ∴ ∴ ∴ ∴ ∴ ∴ ∴ ∴ ∴ ∴ ∴ ∴ ∴</p>
</div>
<div dir="auto" style="text-align: center;">
<header class="entry-header" aria-label="Contenido">
<h3 class="entry-title">PLANILLA PARA HOMOLOGACIONES 2026</h3>
</header>
<div class="entry-content">
<p>PLANILLA PARA HOMOLOGACIONES</p>
<blockquote class="wp-embedded-content" data-secret="QaupNJNBOv"><p><a href="https://ens41-sfe.infd.edu.ar/sitio/planilla-para-homologaciones/">PLANILLA PARA HOMOLOGACIONES 2025</a></p></blockquote>
<p><iframe class="wp-embedded-content" sandbox="allow-scripts" security="restricted" style="position: absolute; clip: rect(1px, 1px, 1px, 1px);" title="«PLANILLA PARA HOMOLOGACIONES 2025» — Escuela Normal Superior N°41 &quot;José de San Martín&quot;" src="https://ens41-sfe.infd.edu.ar/sitio/planilla-para-homologaciones/embed/#?secret=2NcrdO3U5d#?secret=QaupNJNBOv" data-secret="QaupNJNBOv" width="600" height="338" frameborder="0" marginwidth="0" marginheight="0" scrolling="no"></iframe></p>
</div>
</div>
<div class="Section1" style="text-align: center;">
<div class="Section1" style="text-align: center;">
<hr />
</div>
<table id="table1" style="text-align: center; width: 966px; height: 498px;" border="0" cellspacing="0" cellpadding="10" align="center">
<tbody style="text-align: left;">
<tr style="text-align: left;">
<td style="border-width: 1px; border-style: solid; text-align: left;">
<p class="MsoNormal" style="padding: 0cm; text-align: center;"><img decoding="async" loading="lazy" class="alignleft" src="https://ens41-sfe.infd.edu.ar/sitio/wp-content/uploads/2018/08/fachada_foto_escuela.jpg" alt="Fachada Escuela Normal" width="519" height="376" border="0" /></p>
<p><span style="color: #008000;"><span style="text-decoration: underline;">E</span>ste Instituto Superior de Formación Docente forma parte del sistema de educación pública de gestión estatal.</span></p>
<p><span style="color: #008000;">Desde junio de 2013 y hasta 2015 es sede del Ciclo de Formación Complementaria para la Educación Tecnológica y Artística: Plástica y Música. </span></p>
<p><span style="color: #008000;">A través de este sitio en Internet, nuestro Instituto podrá comunicar novedades, acercar información, compartir experiencias y brindar apoyo y asesoramiento a alumnos, docentes e interesados en formar parte de esta comunidad educativa. Junto con varios cientos de Institutos, integramos la <strong><em>Red Virtual de Institutos Superiores de Formación Docente</em></strong> coordinada por el <strong>INFD</strong> (Instituto Nacional de Formación Docente) dependiente del Ministerio de Educación de la Nación Argentina.</span></td>
</tr>
</tbody>
</table>
</div>

<p>INICIO AL CICLO LECTIVO 2026 &#8211; Del 9 al 13 de Febrero 2026 inscripciones a Mesas de Exámenes &#8211; Del 18 de Febrero al 18 de Marzo 2026 serán las Mesas de Exámenes Las mismas se encontrarán publicadas por este medio IMPORTANTE: se encontrarán NUEVAS PLANILLAS DE INSCRIPCIÓN, se pueden retirar en Librería de Sergio &#8230; <a title="" class="read-more" href="https://ens41-sfe.infd.edu.ar/sitio/" aria-label="More on ">[+]</a></p>
