{"id":763,"date":"2018-08-31T14:47:04","date_gmt":"2018-08-31T17:47:04","guid":{"rendered":"https:\/\/ens41-sfe.infd.edu.ar\/sitio\/el-instituto\/"},"modified":"2025-09-24T20:09:36","modified_gmt":"2025-09-24T23:09:36","slug":"el-instituto","status":"publish","type":"page","link":"https:\/\/ens41-sfe.infd.edu.ar\/sitio\/el-instituto\/","title":{"rendered":"EL INSTITUTO"},"content":{"rendered":"<p align=\"center\"><span style=\"font-family: arial,helvetica,sans-serif; color: #3e748e; font-size: medium;\">ESCUELA NORMAL SUPERIOR N\u00b041<\/span><\/p>\n<p align=\"center\"><span style=\"font-family: Arial; color: #3e748e; font-size: medium;\">\u00abJOSE DE SAN MARTIN\u00bb<\/span><\/p>\n<p align=\"center\">&nbsp;<\/p>\n<p align=\"center\"><img decoding=\"async\" src=\"https:\/\/ens41-sfe.infd.edu.ar\/sitio\/wp-content\/uploads\/2018\/08\/fachada_foto_escuela.jpg\" border=\"0\" alt=\"Fachada Escuela Normal\"><\/p>\n<p align=\"center\">&nbsp;<\/p>\n<p><span style=\"font-size: 10pt; font-family: Verdana; color: black;\">E<\/span><span style=\"font-size: 10pt; font-family: Verdana; color: black;\">ste Instituto Superior de Formaci\u00f3n Docente forma parte del sistema de educaci\u00f3n p\u00fablica de gesti\u00f3n estatal.<\/span><\/p>\n<p><span style=\"font-size: 10pt; font-family: Verdana; color: black;\">A trav\u00e9s de este sitio en Internet, nuestro Instituto podr\u00e1 comunicar novedades, acercar informaci\u00f3n, compartir experiencias y brindar apoyo y asesoramiento a&nbsp;alumnos, docentes e interesados en formar parte de esta comunidad educativa.<\/span><\/p>\n<p><span style=\"font-size: 14pt; font-family: Verdana; color: black;\"><img decoding=\"async\" src=\"https:\/\/ens41-sfe.infd.edu.ar\/sitio\/wp-content\/uploads\/2018\/08\/la_red.jpg\" border=\"0\" alt=\"Red virtual\" hspace=\"10\" align=\"left\"><\/span><span style=\"font-size: 10pt; font-family: Verdana; color: black;\">Junto con varios cientos de Institutos, integramos la <strong><em><span style=\"font-family: Verdana;\">Red&nbsp;Virtual de Institutos Superiores de Formaci\u00f3n Docente<\/span><\/em><\/strong>&nbsp;coordinada por el <strong><span style=\"font-family: Verdana;\">INFD<\/span><\/strong> (Instituto Nacional de Formaci\u00f3n Docente) dependiente del Ministerio de Educaci\u00f3n de la Naci\u00f3n Argentina.<\/span><\/p>\n<table id=\"table1\" style=\"border-top-width: 0px; border-left-width: 0px; border-right-width: 0px\" border=\"1\" cellspacing=\"0\" cellpadding=\"10\" width=\"500\">\n<tbody><\/tbody>\n<\/table>\n","protected":false},"excerpt":{"rendered":"<p>ESCUELA NORMAL SUPERIOR N\u00b041 \u00abJOSE DE SAN MARTIN\u00bb &nbsp; &nbsp; Este Instituto Superior de Formaci\u00f3n Docente forma parte del sistema de educaci\u00f3n p\u00fablica de gesti\u00f3n estatal. A trav\u00e9s de este sitio en Internet, nuestro Instituto podr\u00e1 comunicar novedades, acercar informaci\u00f3n, compartir experiencias y brindar apoyo y asesoramiento a&nbsp;alumnos, docentes e interesados en formar parte de &#8230; <a title=\"EL INSTITUTO\" class=\"read-more\" href=\"https:\/\/ens41-sfe.infd.edu.ar\/sitio\/el-instituto\/\" aria-label=\"More on EL INSTITUTO\">[+]<\/a><\/p>\n","protected":false},"author":39,"featured_media":0,"parent":0,"menu_order":0,"comment_status":"closed","ping_status":"closed","template":"","meta":[],"acf":[],"_links":{"self":[{"href":"https:\/\/ens41-sfe.infd.edu.ar\/sitio\/wp-json\/wp\/v2\/pages\/763"}],"collection":[{"href":"https:\/\/ens41-sfe.infd.edu.ar\/sitio\/wp-json\/wp\/v2\/pages"}],"about":[{"href":"https:\/\/ens41-sfe.infd.edu.ar\/sitio\/wp-json\/wp\/v2\/types\/page"}],"author":[{"embeddable":true,"href":"https:\/\/ens41-sfe.infd.edu.ar\/sitio\/wp-json\/wp\/v2\/users\/39"}],"replies":[{"embeddable":true,"href":"https:\/\/ens41-sfe.infd.edu.ar\/sitio\/wp-json\/wp\/v2\/comments?post=763"}],"version-history":[{"count":1,"href":"https:\/\/ens41-sfe.infd.edu.ar\/sitio\/wp-json\/wp\/v2\/pages\/763\/revisions"}],"predecessor-version":[{"id":1607,"href":"https:\/\/ens41-sfe.infd.edu.ar\/sitio\/wp-json\/wp\/v2\/pages\/763\/revisions\/1607"}],"wp:attachment":[{"href":"https:\/\/ens41-sfe.infd.edu.ar\/sitio\/wp-json\/wp\/v2\/media?parent=763"}],"curies":[{"name":"wp","href":"https:\/\/api.w.org\/{rel}","templated":true}]}}